{"id":97,"date":"2025-04-23T09:23:16","date_gmt":"2025-04-23T09:23:16","guid":{"rendered":"http:\/\/samocarbon.com.vn\/?page_id=97"},"modified":"2025-04-28T04:48:02","modified_gmt":"2025-04-28T04:48:02","slug":"map","status":"publish","type":"page","link":"https:\/\/samocarbon.com.vn\/index.php\/map\/","title":{"rendered":"Map"},"content":{"rendered":"\n\t<div class=\"img has-hover x md-x lg-x y md-y lg-y\" id=\"image_1507114953\">\n\t\t\t\t\t\t\t\t<div class=\"img-inner dark\" >\n\t\t\t<img loading=\"lazy\" decoding=\"async\" width=\"1020\" height=\"170\" src=\"https:\/\/samocarbon.com.vn\/wp-content\/uploads\/2025\/04\/sub1.jpg\" class=\"attachment-large size-large\" alt=\"\" \/>\t\t\t\t\t\t\n\t\t\t\t\t<\/div>\n\t\t\t\t\t\t\t\t\n<style>\n#image_1507114953 {\n  width: 100%;\n}\n<\/style>\n\t<\/div>\n\t\n\n<div class=\"row\"  id=\"row-288133220\">\n\n\n\t<div id=\"col-59695572\" class=\"col medium-3 small-12 large-3\"  >\n\t\t\t\t<div class=\"col-inner\"  >\n\t\t\t\n\t\t\t\n\n\n\n<div style=\"width: 250px; font-family: sans-serif; border: 1px solid #ccc; border-radius: 5px; padding: 10px; border-right: 15px solid #ccc;\">\n  <div style=\"display: flex; align-items: flex-start; gap: 10px; font-family: sans-serif;\">\n    <div style=\"font-size: 48px; color: #ddd; font-weight: bold;\">01<\/div>\n        <div>\n          <div style=\"font-size: 24px; font-weight: bold; color: #333;\">About Us<\/div>\n          <div style=\"font-size: 14px; color: #999;\">Will make customers happy with.<\/div>\n      <\/p>\n    <\/div>\n  <\/div>\n  <\/br>\n\n    <!-- Menu List -->\n    <div style=\"margin-bottom: 15px;\">\n        <ul style=\"list-style: none; padding: 0; margin: 0;\">\n            <li style=\"padding: 5px 0; font-size: 14px; color: #333; border-bottom: 1px solid #eee;\">Greetings<\/li>\n            <li style=\"padding: 5px 0; font-size: 14px; color: #333; border-bottom: 1px solid #eee;\">Organization chart<\/li>\n            <li style=\"padding: 5px 0; font-size: 14px; color: #333; border-bottom: 1px solid #eee;\">Business field<\/li>\n            <li style=\"padding: 5px 0; font-size: 14px; color: #fff; font-weight: bold; border-bottom: 1px solid #eee; background-color: rgb(0, 102, 153);\">Map<\/li>\n        <\/ul>\n    <\/div>\n\n    <!-- Contact Section -->\n    <div style=\"border: 1px solid #ccc; border-radius: 5px; padding: 10px; margin-bottom: 15px; background-color: #f9f9f9;\">\n        <div style=\"display: flex; align-items: center; gap: 10px;\">\n            <img decoding=\"async\" src=\"\/samocarbon\/wp-content\/uploads\/2025\/04\/icon.png\" alt=\"Contact Icon\" style=\"width: 30px; height: 30px; border-radius: 3px;\">\n            <div>\n                <div style=\"font-size: 14px; font-weight: bold; color: #333;\">Contact<\/div>\n                <div style=\"font-size: 12px; color: #666;\">If you have any questions, please leave.<\/div>\n            <\/div>\n        <\/div>\n    <\/div>\n\n    <!-- Archives Section -->\n    <div style=\"border: 1px solid #ccc; border-radius: 5px; padding: 10px; margin-bottom: 15px; background-color: #f9f9f9;\">\n        <div style=\"display: flex; align-items: center; gap: 10px;\">\n            <img decoding=\"async\" src=\"\/samocarbon\/wp-content\/uploads\/2025\/04\/icon2.png\" alt=\"Archives Icon\" style=\"width: 30px; height: 30px; border-radius: 3px;\">\n            <div>\n                <div style=\"font-size: 14px; font-weight: bold; color: #333;\">Archives<\/div>\n                <div style=\"font-size: 12px; color: #666;\">Pick up the necessary data.<\/div>\n            <\/div>\n        <\/div>\n    <\/div>\n\n    <!-- Carbon Tech Section -->\n    <div style=\"border: 1px solid #ccc; border-radius: 5px; padding: 10px; background-color: #f9f9f9;\">\n        <div style=\"display: flex; align-items: center; gap: 10px;\">\n            <img decoding=\"async\" src=\"\/samocarbon\/wp-content\/uploads\/2025\/04\/icon3.png\" alt=\"Carbon Tech Icon\" style=\"width: 50px; height: 50px; border-radius: 3px;\">\n            <div>\n                <div style=\"font-size: 14px; font-weight: bold; color: #333;\">Carbon Tech thirty-five Story<\/div>\n                <div style=\"font-size: 12px; color: #666;\">Customers to be happy.<\/div>\n                <div style=\"font-size: 12px; color: #0066cc; text-decoration: underline;\">Views<\/div>\n            <\/div>\n        <\/div>\n        <div style=\"font-size: 12px; color: #666; margin-top: 5px;\">\n            Customer: <span style=\"color: orange;\">0271-2211-225<\/span>\n        <\/div>\n    <\/div>\n<\/div>\n\n\n\t\t<\/div>\n\t\t\t\t\t<\/div>\n\n\t\n\n\t<div id=\"col-1644045205\" class=\"col medium-9 small-12 large-9\"  >\n\t\t\t\t<div class=\"col-inner\"  >\n\t\t\t\n\t\t\t\n\n<div class=\"row\"  id=\"row-74105185\">\n\n\n\t<div id=\"col-858726460\" class=\"col medium-8 small-12 large-8\"  >\n\t\t\t\t<div class=\"col-inner\"  >\n\t\t\t\n\t\t\t\n\n<div style=\"font-family: Arial, sans-serif; font-size: 13px; color: #333;\">\n  <strong>Map <\/strong><br \/>\n  <span style=\"color: #aaa;\">| Company making Activated Carbon manufacturing plant only<\/span>\n<\/div>\n\n\t\t<\/div>\n\t\t\t\t\t<\/div>\n\n\t\n\n\t<div id=\"col-881137039\" class=\"col medium-4 small-12 large-4\"  >\n\t\t\t\t<div class=\"col-inner\"  >\n\t\t\t\n\t\t\t\n\n<p>Home &gt; About Us &gt; Map<\/p>\n\n\t\t<\/div>\n\t\t\t\t\t<\/div>\n\n\t\n\n<\/div>\n<p><strong>T\u00ean qu\u1ed1c t\u1ebf<\/strong>: SAMO CARBON TECH TECHNOLOGY COMPANY LIMITED<br \/><strong>M\u00e3 s\u1ed1 thu\u1ebf<\/strong>: 3801310030<br \/><strong>\u0110\u1ecba ch\u1ec9:<\/strong> S\u1ed1 03 \u0110\u01b0\u1eddng Tr\u01b0\u1eddng Chinh, Khu Ph\u1ed1 Ph\u00fa T\u00e2n, Ph\u01b0\u1eddng T\u00e2n Ph\u00fa, Th\u00e0nh ph\u1ed1 \u0110\u1ed3ng Xo\u00e0i, T\u1ec9nh B\u00ecnh Ph\u01b0\u1edbc, Vi\u1ec7t Nam<br \/><strong>Ng\u01b0\u1eddi \u0111\u1ea1i di\u1ec7n:<\/strong> PH\u00d9NG TH\u1eca TH\u00daY<br \/><strong>\u0110i\u1ec7n tho\u1ea1i:<\/strong> 02712211225<\/p>\n<div class=\"row\"  id=\"row-1801243086\">\n\n\n\t<div id=\"col-209592533\" class=\"col small-12 large-12\"  >\n\t\t\t\t<div class=\"col-inner\"  >\n\t\t\t\n\t\t\t\n\n\n\n<iframe src=\"https:\/\/www.google.com\/maps\/embed?pb=!1m17!1m12!1m3!1d1382.1275977153175!2d106.87993638244703!3d11.534117697236734!2m3!1f0!2f0!3f0!3m2!1i1024!2i768!4f13.1!3m2!1m1!2zMTHCsDMyJzAyLjgiTiAxMDbCsDUyJzQ5LjkiRQ!5e0!3m2!1svi!2s!4v1745680633786!5m2!1svi!2s\" width=\"800\" height=\"550\" style=\"border:0;\" allowfullscreen=\"\" loading=\"lazy\" referrerpolicy=\"no-referrer-when-downgrade\"><\/iframe>\n\n\n\t\t<\/div>\n\t\t\t\t\t<\/div>\n\n\t\n\n<\/div>\n\n\t\t<\/div>\n\t\t\t\t\t<\/div>\n\n\t\n\n<\/div>\n\n","protected":false},"excerpt":{"rendered":"","protected":false},"author":1,"featured_media":0,"parent":0,"menu_order":0,"comment_status":"closed","ping_status":"closed","template":"","meta":{"footnotes":""},"class_list":["post-97","page","type-page","status-publish","hentry"],"_links":{"self":[{"href":"https:\/\/samocarbon.com.vn\/index.php\/wp-json\/wp\/v2\/pages\/97","targetHints":{"allow":["GET"]}}],"collection":[{"href":"https:\/\/samocarbon.com.vn\/index.php\/wp-json\/wp\/v2\/pages"}],"about":[{"href":"https:\/\/samocarbon.com.vn\/index.php\/wp-json\/wp\/v2\/types\/page"}],"author":[{"embeddable":true,"href":"https:\/\/samocarbon.com.vn\/index.php\/wp-json\/wp\/v2\/users\/1"}],"replies":[{"embeddable":true,"href":"https:\/\/samocarbon.com.vn\/index.php\/wp-json\/wp\/v2\/comments?post=97"}],"version-history":[{"count":5,"href":"https:\/\/samocarbon.com.vn\/index.php\/wp-json\/wp\/v2\/pages\/97\/revisions"}],"predecessor-version":[{"id":313,"href":"https:\/\/samocarbon.com.vn\/index.php\/wp-json\/wp\/v2\/pages\/97\/revisions\/313"}],"wp:attachment":[{"href":"https:\/\/samocarbon.com.vn\/index.php\/wp-json\/wp\/v2\/media?parent=97"}],"curies":[{"name":"wp","href":"https:\/\/api.w.org\/{rel}","templated":true}]}}